 common factor of l and b.
10
Suppose 38*f + 139 - 405 = 0. Suppose -3*i + 34 = f. Let p(s) = -2*s**3 - 5*s**2 + 4*s + 4. Let t be p(-4). What is the greatest common factor of i and t?
9
Let x = -4840 - -4912. Calculate the highest common factor of x and 56.
8
Suppose -6*a + 105 = 9*a. Suppose -726 = -a*r + 310. What is the highest common divisor of 4 and r?
4
Suppose 0*y + 40 = -4*y. Let b(p) = 7*p + 76. Let q be b(y). Calculate the greatest common divisor of 102 and q.
6
Let d be (-458)/(-5)*9030/172. Calculate the highest common divisor of 21 and d.
21
Let h(y) = y**3 + 10*y**2 + 9*y + 21. Let m(b) = 11*b + 11. Let z be m(-7). Let g = z + 57. Let p be h(g). Calculate the highest common divisor of p and 28.
7
Suppose 0 = -3*q + 5*h - 2975 + 16440, -3*h = -3*q + 13455. Calculate the highest common divisor of q and 48.
16
Suppose 0 = -34*w + 55332 - 8956. Let j be w/(-155)*10/(-4). Suppose 0 = -5*h - 2*g + 84 + 89, -5*h + 3*g = -153. What is the greatest common factor of j and h?
11
Let r = 0 + 3. Let l(y) be the second derivative of 5*y**4/6 - 2*y**3/3 - y**2/2 - 12*y. Let m be l(r). What is the greatest common factor of m and 7?
7
Suppose 9*w = 11*w - 58. Suppose -w = -2*j + 3. Let u be 120/j*16/6. What is the greatest common divisor of u and 8?
4
Let y = -18018 + 18050. What is the highest common divisor of y and 27?
1
Let u be 136/17 - (1 - 1). Suppose 12*n - 229 = u*n - 5*m, 5*n - 279 = m. What is the greatest common factor of n and 24?
8
Let q = -45843 - -46899. Let a be 12/(6/(-8) - -1). What is the greatest common factor of a and q?
48
Let w(b) = b + 35. Let z be w(-17). Suppose -4*u + z = 6. Suppose u*c = 24 + 12. What is the greatest common factor of 18 and c?
6
Let d = 10208 - 9498. Calculate the greatest common factor of 10 and d.
10
Let k = 65 + -41. Let q(s) = s**3 + 11*s**2 - 2*s - 8. Let l be q(-11). Let n be 8/l - 228/(-42). Calculate the highest common divisor of k and n.
6
Suppose -19 = -2*h - s + 88, 15 = -3*s. Let w = h + -62. Let z(v) = -3*v + 14. Let x be z(w). What is the highest common divisor of 4 and x?
4
Let h(s) = -1997*s - 7204. Let b be h(-4). Calculate the highest common divisor of b and 252.
28
Let g = -216 + 219. Suppose g*a - 2*j = 32, -2*a + 14 = 2*j - 4. What is the highest common divisor of a and 95?
5
Let q(h) = 49*h - 1105. Let w be q(49). Calculate the highest common factor of 486 and w.
162
Let a = 2922 + -2868. Calculate the highest common factor of a and 9126.
54
Suppose 9 = -4*s + 237. Let t(o) = -o**3 + 14*o**2 - 23*o + 7. Let u be t(12). Calculate the highest common divisor of s and u.
19
Let h be 4/(-18) - 5470/90. Let w = h + 88. Let m(p) = -18*p - 1584. Let n be m(-89). What is the highest common divisor of w and n?
9
Suppose -22 + 34 = 3*i. Suppose -i*j - 18 = -j. Let c be j*4/(-4)*40. Calculate the greatest common divisor of c and 30.
30
Suppose -4584*l - 650 = -4649*l. What is the highest common divisor of 1005 and l?
5
Let c = -30487 - -30493. What is the highest common factor of c and 978?
6
Let c = 2415 - 2277. Calculate the highest common factor of 6578 and c.
46
Suppose 48*u - 4412 = 16324. Let d = 19 - 16. Suppose 2*w + 200 = 4*y, d*w = -4*y + 11 + 169. What is the greatest common factor of y and u?
48
Let v(p) = p**2 + 43*p - 1074. Let l be v(18). What is the greatest common factor of 200 and l?
8
Let k(s) = s**2 + 5*s + 6. Let r be k(-1). Suppose 97 - 89 = r*x. What is the highest common divisor of 8 and x?
4
Let i(d) = d**3 - 3*d**2 - 10*d + 30. Let v(n) = -14*n + 75. Let h be v(5). Let a be i(h). What is the greatest common divisor of 12 and a?
6
Suppose 0 = 2*o + 4*u - 260, -8*o - 630 = -13*o - 5*u. What is the greatest common factor of o and 5063?
61
Suppose 7*n = 67586 + 55040. Calculate the greatest common factor of 38 and n.
38
Let j(q) = -3*q - 2. Let d be j(-9). Suppose 4*b - 432 = 2*p, -1148*b + 4*p + 129 = -1147*b. What is the greatest common divisor of d and b?
5
Let t(c) = 14*c**2 + 21*c - 5. Let x = -431 - -426. Let d be t(x). What is the greatest common factor of d and 90?
30
Let l = 2420 - 1961. Calculate the highest common divisor of l and 180.
9
Let j(h) = -2*h**3 - 45*h**2 + 22*h - 9. Let l be j(-23). Suppose 4*z - 136 = 2*b, z - 39 + l = 5*b. Calculate the highest common divisor of 315 and z.
35
Suppose 3*b = -2*a + 165, 3*a + b + 169 = 5*a. Let p be (0 + -4)/((-2)/(-13)). Let x be -2 - (-9)/((-9)/p). What is the highest common factor of x and a?
12
Let p(j) be the third derivative of j**5/60 - 5*j**4/12 + 11*j**3/6 - 5*j**2. Let z = -6 + 15. Let g be p(z). What is the greatest common divisor of 12 and g?
2
Let j be 18/10*805/21 - -5. Let t(d) = -d**3 + 5*d**2 + 5*d + 8. Let g be t(6). Calculate the highest common divisor of g and j.
2
Let c = -7 + 13. Let k(d) be the second derivative of 9*d**3/2 + 63*d**2/2 - 2*d + 2. Let j be k(c). Calculate the greatest common factor of 45 and j.
45
Suppose u + 0*u = -5, y - u = -109. Let h = y + 216. Calculate the greatest common factor of 6 and h.
6
Let g = -454 + 464. Suppose -g*r + 809 = -7*r + c, 0 = 3*r - 4*c - 814. What is the highest common factor of 10 and r?
10
Suppose -156 = -4*p + 4*q, 2*p + 19*q = 23*q + 68. Suppose -p*k + 526 + 3082 = 0. Calculate the greatest common divisor of 2 and k.
2
Suppose -24*q - 28769 = -0*q - 195089. Calculate the greatest common factor of q and 22.
22
Let b be 36747/21 + (-113)/(-791). What is the greatest common divisor of 35 and b?
35
Suppose 22*f + 1918 = 36*f. Suppose f*k = 147*k - 950. Suppose -5*a + 48 + 47 = 0. What is the highest common divisor of a and k?
19
Let m = -1131 - -1995. Suppose 0*n = 4*f + 3*n - m, -2*f - n + 432 = 0. Calculate the greatest common factor of f and 24.
24
Let s = -10 + 21. Let p = 344542 + -344498. Calculate the greatest common divisor of s and p.
11
Let c = 17 - -231. Suppose 5*u - 44 = -l, -3*l + u + u = -64. What is the highest common factor of l and c?
8
Let q be (-4 - -22273)*(364/39 - 9). What is the greatest common factor of q and 13?
13
Suppose -26*x = -25*x - 8. Let i(a) = 6*a**2 - 47*a - 2. Let z be i(x). Calculate the greatest common divisor of 282 and z.
6
Suppose 2158 + 238 = 36*i - 484. Calculate the highest common divisor of 32 and i.
16
Let y be (-8 - -12) + -1 + 45. Calculate the highest common factor of 7608 and y.
24
Suppose -5*f - 57 = -47. Let c = 317 - 135. Let l be (1/f)/((-7)/c). Calculate the highest common factor of l and 13.
13
Let q(m) be the second derivative of 1/3*m**3 - 2*m**2 + 12*m + 0. Let t be q(7). What is the greatest common factor of t and 15?
5
Let v(x) = 42*x + 1206. Let l be v(-9). What is the highest common divisor of 92 and l?
92
Suppose -2*m - 36 = -v, -3*m = -3*v + 5*v - 58. Let h be (1/(-4))/((-8)/v). Let r be (1 - 0) + (15 - h). Calculate the highest common factor of 45 and r.
15
Let i be 2*3 - (4 - 3). Suppose -3*j + 6*j = -i*n + 603, 2*n - 250 = j. Calculate the greatest common factor of 3 and n.
3
Suppose -51*a - 20*a + 354 = -285. What is the highest common factor of 51 and a?
3
Let y(v) = v**2 + 19*v + 424. Let k be y(0). Suppose 0 = 4*i - 4*c - k, 2*i - 524 = -3*i - c. What is the greatest common factor of 45 and i?
15
Suppose 19*d - 107 = 368. Let v be -2 + 4 + -4 + 2. Let o be (48 - (0 + v)) + 2. Calculate the greatest common divisor of o and d.
25
Let z be (26 + -25)*(-2)/(-2). Let u be 0 + 1 + (6 - z). Suppose -20*i + u*i + 392 = 0. What is the greatest common divisor of 42 and i?
14
Suppose -2745 = -23*p - 38*p. Calculate the greatest common divisor of p and 5265.
45
Let q(i) = -3*i - 11. Suppose 8*f + 87 = 7. Let d be q(f). Let j = -1 - -77. Calculate the greatest common divisor of j and d.
19
Let i be (-2 + 1)*(58/6 + -8)*-27. Let q be -2 - (3 + 59)*-1. Calculate the highest common divisor of q and i.
15
Suppose 5*o - 6*m - 33 = 0, 113*m - 14 = 111*m. Calculate the greatest common factor of 435 and o.
15
Let f(s) = s**2 - 47*s + 840. Let a be f(28). What is the highest common factor of 1100 and a?
44
Let g(d) = 5*d**2 + 57*d - 108. Let o be g(2). What is the greatest common divisor of o and 2314?
26
Let k(z) = 23*z**3 + 4*z**2 - 5*z. Let i be k(2). Let x = 199 - i. What is the greatest common divisor of x and 81?
9
Suppose 4*k - 21*s + 20*s = 109, 3*k - 76 = -5*s. Calculate the highest 